367 - 15618. Is o composite?
False
Let z(o) = o**3 + o**2. Let v(n) = -2583*n**3 - 3*n**2 + n. Let j(w) = -v(w) - 2*z(w). Let c be (7 - 4)*((-6)/(-9))/2. Is j(c) a composite number?
True
Suppose 0 = -2*m - 5153 + 14681. Let s be m/(3/6 - -1). Suppose -4*o - s = -v + 4167, 4*o = 0. Is v a prime number?
False
Suppose 284*b - 103544 = 276*b. Suppose 0 = -4*g + 12, -32*g = 5*t - 36*g - b. Is t prime?
True
Is (-140263881)/(-73) - 532/19418 a composite number?
True
Suppose -l + 41239 = 18*q, 4*l - 123665 = l - 2*q. Is l composite?
False
Let o = -651 - -655. Is -38*(-1266)/3*o/16 a prime number?
False
Let f = 538 - 545. Is (f - (-62325)/20)*(-12)/(-3) composite?
False
Let q(l) = -36*l - 27*l - 29 + 22*l. Let s be q(-11). Let k = s - 295. Is k prime?
True
Let m = 120411 - 54184. Is m composite?
True
Let l = 244 + -304. Is 24/l - (-17167)/5 composite?
False
Suppose -15*h + 13*h - 3*g + 11458 = 0, h = 3*g + 5711. Let s = h + -1522. Is s composite?
False
Let n = -17127 - -32604. Suppose n = 5*a - 25448. Is a a prime number?
False
Is ((-1087890)/25)/(36/(-60)) prime?
False
Is 7 - 14 - -23 - -186931 prime?
True
Let l(c) be the second derivative of 5*c**4/4 + 13*c**3/6 + c**2/2 - 30*c. Is l(20) prime?
False
Let j = 114 + -3. Let z be ((-1)/2)/(-1) + 169554/44. Suppose -j*o + 113*o - z = 0. Is o prime?
False
Let x = 3506346 - 2295280. Is x prime?
False
Let x = -5959 + 89826. Is x a prime number?
False
Suppose 0 = -2*y + x + 14, y - 4*y = 5*x + 5. Suppose -y*t = -t. Suppose 5*r - 7*d + 3*d - 389 = t, 3*d = 4*r - 311. Is r prime?
False
Let y be (1*76)/1*22/88. Let p(f) = -2 - 2*f**2 + 0*f**2 - 16*f + 3*f**2. Is p(y) a composite number?
True
Let s = -154 - -3226. Suppose 10*b - 6*b = s. Suppose 2*k + b = 2*d, -5*k + 1676 = 5*d - 214. Is d a prime number?
False
Suppose -5*v + 4495 + 4125 = 0. Suppose x = -5*t + v, -22*x - 3*t = -18*x - 6845. Is x a composite number?
False
Is 2/(-9 + (-2013250)/(-223694)) a prime number?
True
Suppose -32861 = -38*n + 266275. Let x = n + 4999. Is x a composite number?
True
Is (-623)/(-89)*(5982 + -1) a prime number?
False
Let z(x) = -5*x**2 - x + 7. Let u(t) = 4*t**2 + 2*t - 6. Let k(d) = -6*u(d) - 5*z(d). Let v(p) = -p**3 + 3*p**2 + 24*p - 42. Let s be v(6). Is k(s) composite?
False
Let x be ((-742)/(-159))/(2/309). Let y = x - -66. Is y a composite number?
False
Suppose -2*j = -3*p - 6677, 4464 = -9*p + 7*p - 5*j. Let u = p - -3486. Is u a composite number?
False
Suppose 12 = 3*g - 156. Suppose 4*t + 10*t = -g. Let l = 111 - t. Is l composite?
True
Suppose 0 = -3*s - 15, 2*i - 5*s = -2*i + 4529. Let t = i - 119. Is t a composite number?
True
Suppose 322563 + 55654 = 71*b. Is b composite?
True
Let o(n) = 519*n + 4. Let j(s) = 39*s**2 - 4*s + 2. Let r be j(1). Let z be 26/169 - r/26*-2. Is o(z) composite?
True
Suppose -3*f = -10 + 1. Suppose f*c + 3*g + g = 1508, -4*c - 3*g = -2020. Suppose -3570 = -3*k + 3*r, 4*r = -k + c + 707. Is k composite?
True
Let c(s) = 11811*s**2 + 124*s + 364. Is c(-3) a prime number?
True
Let k be 4 - 0/(3/3*1). Suppose -2*r - 3*s = -0*r - 9406, -s = -k*r + 18812. Is r a composite number?
False
Suppose -23*p + 27 = -19. Let a(z) = 2167*z**2 + 2*z - 9. Is a(p) composite?
False
Suppose 0 = -2*z + 8 + 2. Let x(f) = 2*f - 9. Let m be x(z). Is 1 + -1 - (-332 + m) a composite number?
False
Let f(a) = 1066*a**3 + 2*a**2 - 2*a + 1. Let m be 159*((16/12 - -2) + -3). Let c = -52 + m. Is f(c) prime?
False
Let k = 64 - 62. Suppose -4*n = -k*n - 16. Suppose -n*m - 3254 = -16366. Is m composite?
True
Let q be (2101/33)/((-5)/(-60)). Let l = 40 - 14. Is -1*l/(-8)*q a composite number?
True
Suppose 0 = 26*f - 2027 - 807. Let a = f - -198. Is a a prime number?
True
Let r = -165 - -140. Let z = 31 + r. Let i(c) = 5*c**2 + 3*c - 31. Is i(z) prime?
True
Let c be (36/(-15))/((-3)/1440). Let i be 1 + (-8 - -4) + 1628. Let r = i - c. Is r a prime number?
False
Let x be ((-742)/(-159))/((-4)/(-462)). Let t = x - -1508. Is t prime?
False
Let v = -28 + 30. Suppose -v*g - 5*x = 1, g = 3*g + 4*x. Suppose -h = 0, -2*u + 1366 = -g*h + h. Is u composite?
False
Suppose -5*i - 23181 = -3*a, 0*a + 4*a - 30903 = 5*i. Suppose a = 14*f - 7496. Is f a composite number?
False
Let v = 42 - 48. Is 34682/18 - v*(-3)/(-81) a composite number?
True
Let j(m) = -56*m**3 + 8*m**2 - m - 70. Is j(-9) a composite number?
False
Let l(g) = -8*g**3 - 24*g**2 + 32*g - 215. Is l(-21) prime?
True
Suppose -37*a - 10*a - 26085 = 0. Is 3 - 2/(-4)*2 - a a composite number?
True
Let o(n) be the first derivative of -461*n**3/6 - n**2 - 21*n + 10. Let w(q) be the first derivative of o(q). Is w(-3) prime?
True
Suppose 0 = 5*s - 0*s + 25. Let v(x) = 40*x**2 + 4*x + 3. Let u(k) = k - 1. Let l(z) = u(z) + v(z). Is l(s) composite?
False
Suppose 21*u = 15*u + 10422. Let j = u - -634. Is j a prime number?
True
Let m(j) = 1268*j**2 - 403*j + 1982. Is m(5) a composite number?
False
Suppose 3*q + 1 = -2*v + 72, 138 = 4*v + 2*q. Let m = -29 + v. Suppose -m*a + 0*a + 3322 = -3*z, 2*z = -5*a + 3302. Is a composite?
True
Suppose 23*y - 140733 = 4*y. Suppose 4*i + 32809 = 3*c, -4*c + 36309 = 2*i - y. Is c a composite number?
True
Suppose -5*j + 5 = 0, -23*w + 15211 = -19*w - j. Is (w*-1)/((-1)/(3/3)) a prime number?
True
Let c(v) = 4*v - 74. Let l be c(4). Let j = 36 - l. Is j prime?
False
Suppose 3*t = -3*t + 125892. Is 0 + t/(3 + 3) a prime number?
False
Suppose -7*a = 4*s - 11*a - 115776, -4*s + 115751 = a. Is s a composite number?
True
Suppose 18 = 2*l + l. Let t = -933 - -392. Is (t/2)/(1*(-3)/l) a prime number?
True
Let a(f) = 101*f**2 - 2*f - 17. Let b = 198 - 192. Is a(b) prime?
True
Let o(t) be the third derivative of 11*t**8/20160 - t**7/2520 + 7*t**6/720 + 3*t**5/20 + 2*t**2. Let u(j) be the third derivative of o(j). Is u(6) prime?
False
Suppose 3*c - 89 = -k - 1835, 0 = -5*k + 4*c - 8711. Let m = k - -912. Let g = m - -2164. Is g a prime number?
False
Suppose 57*r + 20571 = 60*r. Is r composite?
False
Let y(b) be the second derivative of b**4/6 - b**3/6 + 5*b. Let q be y(4). Suppose -i = -q - 91. Is i composite?
True
Suppose -14*a = -165 + 11. Let x(u) = 15*u - 1803. Let q(p) = 8*p - 901. Let v(i) = a*q(i) - 6*x(i). Is v(0) a composite number?
False
Suppose -5*o = m - 716623, 41832 - 185171 = -o - 5*m. Let c = o + -81709. Is c composite?
True
Suppose 4*g - 67 + 3463 = 0. Let t = g - -294. Let r = -296 - t. Is r prime?
False
Let l(i) = -i**3 - 4*i**2 + i - 3. Let s be l(-4). Let v(w) = -157*w**3 - w**2 - w + 5. Let b be v(5). Is (-12)/21 - (b/s)/(-2) a prime number?
False
Suppose 2*x - 13 + 3 = 0. Let b(t) = -t**2 + 5*t + 4. Let c be b(x). Suppose c*g = -0*g + 6932. Is g a prime number?
True
Suppose 5*b + 0*d - 1289614 = -4*d, 6*b - 4*d - 1547484 = 0. Is b a prime number?
False
Let o(s) = -s**3 + 33*s**2 - 90*s - 47. Let q be o(27). Suppose -b - 5*h - 969 = 0, 0 = -0*h - h + 1. Let p = b + q. Is p prime?
False
Suppose -2*q + 3*z + 10384 = 0, 8*q - 11*q + 4*z + 15575 = 0. Is q a prime number?
True
Suppose 5*n - 80 = 5*r, 3*r = -n + 6*n - 58. Let s(w) = w**3 + 7*w**2 - 8*w + 3. Let b be s(r). Let h = b - -1798. Is h a prime number?
False
Let q(z) = 7*z**2 - 2*z - 5. Let a be q(-11). Suppose -a = 3*o - 3*x, -4*o - 1412 + 252 = -2*x. Let i = o + 437. Is i a composite number?
True
Let h be -1*((4 - 19) + 4). Let k(x) = 6*x + 108*x**2 + 0*x - 8 - 50*x**2 + h*x. Is k(7) a composite number?
False
Let a = 720 - 716. Suppose a*w = 2*g + 13726, -2*w - g = 2*w - 13735. Is w prime?
True
Suppose 11*u - 9*u + 4*q - 95710 = 0, -5*u + 239282 = 3*q. Is u a composite number?
False
Let g be (-950)/(-266) + (-6)/(-14). Let z(p) = -53 + 2*p + 221*p + 57*p. Is z(g) a composite number?
True
Suppose 38*l + 30549 = 41*l. Suppose 2*n - 3939 - l = 0. Is n prime?
False
Suppose 14*l = 17*l + c - 141151, -l + 47057 = -3*c. Is l a prime number?
True
Let r be 69/138 - 57/(-2). Suppose r*k - 76594 = 15*k. Is k prime?
True
Let b = 766 + -763. Suppose -b*p + 24*x - 29*x + 18907 = 0, -x + 31497 = 5*p. Is p a prime number?
True
Suppose -130250719 = -208*q + 98*q - 213*q. Is q composite?
False
Let s(u) = 58*u**2 - 2*u - 1. Let w be s(2). Suppose 0 = -2*c - 3*r + 1059, 780 - 3405 = -5*c - 3*r. Let t = c - w. Is t a composite number?
True
Let a(t) = 13370*t**2 + 16*t - 15. Is a(-4) a prime number?
False
